{"id":4067,"date":"2025-08-28T15:17:07","date_gmt":"2025-08-28T15:17:07","guid":{"rendered":"https:\/\/vitaliaspas.com.mx\/oficial\/?post_type=product&#038;p=4067"},"modified":"2025-08-28T15:17:16","modified_gmt":"2025-08-28T15:17:16","slug":"spa-tulum","status":"publish","type":"product","link":"https:\/\/vitaliaspas.com.mx\/oficial\/product\/spa-tulum\/","title":{"rendered":"Spa Tulum"},"content":{"rendered":"","protected":false},"excerpt":{"rendered":"<p>Spa compacto para 2 personas, ideal para terrazas y espacios peque\u00f1os. Dise\u00f1o elegante y f\u00e1cil instalaci\u00f3n.<\/p>\n","protected":false},"featured_media":0,"template":"","meta":[],"product_brand":[],"product_cat":[69],"product_tag":[],"class_list":{"0":"post-4067","1":"product","2":"type-product","3":"status-publish","5":"product_cat-spas","7":"first","8":"instock","9":"shipping-taxable","10":"purchasable","11":"product-type-variable"},"_links":{"self":[{"href":"https:\/\/vitaliaspas.com.mx\/oficial\/wp-json\/wp\/v2\/product\/4067","targetHints":{"allow":["GET"]}}],"collection":[{"href":"https:\/\/vitaliaspas.com.mx\/oficial\/wp-json\/wp\/v2\/product"}],"about":[{"href":"https:\/\/vitaliaspas.com.mx\/oficial\/wp-json\/wp\/v2\/types\/product"}],"wp:attachment":[{"href":"https:\/\/vitaliaspas.com.mx\/oficial\/wp-json\/wp\/v2\/media?parent=4067"}],"wp:term":[{"taxonomy":"product_brand","embeddable":true,"href":"https:\/\/vitaliaspas.com.mx\/oficial\/wp-json\/wp\/v2\/product_brand?post=4067"},{"taxonomy":"product_cat","embeddable":true,"href":"https:\/\/vitaliaspas.com.mx\/oficial\/wp-json\/wp\/v2\/product_cat?post=4067"},{"taxonomy":"product_tag","embeddable":true,"href":"https:\/\/vitaliaspas.com.mx\/oficial\/wp-json\/wp\/v2\/product_tag?post=4067"}],"curies":[{"name":"wp","href":"https:\/\/api.w.org\/{rel}","templated":true}]}}